d = 462 - 467. Let r(j) = -j - 7. Give r(d).
-2
Let a(x) be the third derivative of -x**4/8 + 5*x**3/6 - 58*x**2. What is a(4)?
-7
Let c(q) be the second derivative of 5/2*q**2 - 1/3*q**4 - 5/6*q**3 + 1/20*q**5 + 0 + 7*q. Calculate c(5).
5
Let f = -76 - -72. Let u be 4 - (30/6 + f/2). Let y(b) = -5*b**2 + 1. Calculate y(u).
-4
Let y(m) = -m**2 - 8*m + 1. Let g(h) be the third derivative of h**5/60 + 3*h**4/8 + 13*h**2. Let u(t) = 4*g(t) + 5*y(t). What is u(-6)?
-7
Suppose -4*l = 4*b + 132, -3*l + 3*b - 69 = 18. Let n = l + 28. Let v(i) = 3*i - 1. Determine v(n).
-10
Let x(h) = 2*h**3 - 4*h**2 + 3*h - 3. Let m(o) = o**3 - o - 1. Let t(i) = 3*m(i) - x(i). Suppose -19 + 6 = 5*c - 4*k, 3*c + 3*k + 24 = 0. Give t(c).
5
Let t(q) = -q + 1. Let k(y) = -6*y + 48. Let c(s) = -k(s) + 3*t(s). Let v be c(13). Let o(d) = d**2 + 6*d + 7. Calculate o(v).
7
Let l(t) be the third derivative of -t**5/12 - t**3/6 + 2*t**2 + t. Let i(s) = s**3 - 2*s**2 + 3. Let x be i(3). Let a = x + -11. Calculate l(a).
-6
Let l(a) = a**3 - 3*a**2 + 2*a + 1. Let c(d) = -3*d**3 + 6*d**2 - 10*d - 6. Let j(i) = c(i) + 4*l(i). Calculate j(6).
-14
Let o(g) = -g**3 - 5*g**2 - 9*g - 16. Let h be o(-4). Let v(l) = -3*l - l + h*l - 4*l - 1. Determine v(-5).
19
Let x(z) = z. Suppose 2*p - 4*q = -p - 11, -4*p + 2 = 3*q. Let g be -2 - -7*(-1)/p. Suppose -30 = -g*s - 0*s. Calculate x(s).
6
Let x(d) = -2*d**3 + 5*d**2 + 5 - 3*d + d**3 + 2*d. Let o(f) = f**2 + 71*f + 5. Let t be o(0). What is x(t)?
0
Let t = -1448 + 1454. Let i(m) = -m**2 + 3*m + 18. Determine i(t).
0
Let f be (9/6)/((-6)/64). Let v be (6/8)/(4/f). Let c(b) = -b**3 + b**2 - 2. Let d(w) = 5*w**3 - 8*w**2 + w + 14. Let u(t) = 6*c(t) + d(t). Give u(v).
8
Let v be -17 - -11 - (0 - 9). Let h(z) = -2*z**3 + 3*z**2 + 5*z - 2. Determine h(v).
-14
Let l(o) be the third derivative of -1/24*o**4 + 1/60*o**5 + 5/3*o**3 - 1/120*o**6 - o + 0 + 21*o**2. Calculate l(0).
10
Let g = -594 + 592. Let k(n) be the third derivative of -7*n**4/24 + n**3/3 - 2*n**2. Calculate k(g).
16
Let n(a) = a + 9. Let m be 11*(-7)/(-21)*(-3 - 0). Give n(m).
-2
Suppose 5*b + 249 = -4*r, -2*r = -4*b + 34 + 84. Let d = r - -19. Let v be (-3)/21 - 300/d. Let i(c) = -c + 2. What is i(v)?
-5
Let i(r) = r**3 + 5*r**2 + 4*r + 3. Let u = 8 - 17. Let g = -1 - -8. Let c = u + g. What is i(c)?
7
Let i be (-28)/(-5) - 8/(-20). Suppose -2*w + 7*w = 0. Let f(s) = 7*s - s**2 + w*s**2 - 5 - 9*s + 10*s. Calculate f(i).
7
Let t(g) = -g**2 + 22*g - 20. Let k be t(21). Let z(s) = -6 + 3*s - 9 + 11 - k. Give z(4).
7
Let g(p) = 6*p + 4*p + 189*p**2 - 190*p**2 + 5*p - 7*p + 12. Give g(8).
12
Let o = -157 + 159. Let c(x) = -7 - o*x - 9*x + x + 9*x. Calculate c(-6).
-1
Let v(p) = p**2 + 6*p + 1. Let c(d) = -3*d**2 - 29*d + 15. Let b be c(-13). Let k = b - -111. Determine v(k).
-7
Let q be (-3)/(-4) + -1 + (-140)/16. Let l(w) = w + 5. Calculate l(q).
-4
Let h(a) = -a + 11. Let i(x) = -4*x + 36. Let g(o) = 7*h(o) - 2*i(o). What is g(0)?
5
Suppose 4*w - 8 = 5*a - 3, a - 4*w + 17 = 0. Suppose a*i = -0*i - 5*j + 14, 10 = 3*i + j. Let g(k) = -2*k**2 + 4*k - 1. What is g(i)?
-7
Let s be (13 - 4) + 7 + -8. Let f(v) be the third derivative of 0 + v**2 + 0*v - 5/3*v**3 + 1/24*v**4. Calculate f(s).
-2
Let t(g) = -37*g**2 + 4. Let u(k) = 22*k**2 - 3. Let y(s) = -3*t(s) - 5*u(s). What is y(4)?
19
Let m be 52/(-6) - 24/18. Let k = -3 - -7. Let y = k + m. Let o(s) = s**2 + 6*s - 7. Give o(y).
-7
Let k be 18/(-54)*(-6)/(-4)*-8. Let t(x) = -x**3 + 2*x**2 + 5*x + 3. What is t(k)?
-9
Let x(f) = -12*f + 18*f - 5*f + 4. Calculate x(-7).
-3
Suppose 3*g = 7*g - 8. Let t(s) = -s**3 + 3 - 3*s**2 - s**g + 0 - 16*s + 13*s. Let h be 15/(-12)*3 - (-9)/12. Calculate t(h).
3
Let i(w) = -w - 1. Suppose -3*v + 85 = -23. Suppose 2*h = 50 - v. What is i(h)?
-8
Let d(h) = 22*h**2 + 18*h + 42. Let r(x) = -8*x**2 - 6*x - 15. Let p(z) = 3*d(z) + 8*r(z). Calculate p(-4).
14
Let n(a) be the first derivative of a**5/20 - 5*a**4/12 - a**3 + 7*a**2/2 + 17*a + 18. Let r(f) be the first derivative of n(f). Determine r(6).
7
Let p = 21 - 21. Let r(f) = -5*f**2 + 0*f**2 + 1 + p. Give r(1).
-4
Suppose 2*x - 3*n - 60 = 0, -4*n + 8 + 0 = x. Suppose -20 = -2*q - x. Let s(t) = t + 3. What is s(q)?
1
Let w be (2 - 5)*(-4)/4. Suppose 24 = w*v - 3. Let p(f) = -3*f**2 + 7*f - 6. Let g(r) = -13*r**2 + 29*r - 25. Let u(s) = v*p(s) - 2*g(s). Give u(3).
2
Let d be 1 + 0 - (-2 - 0)/2. Let k(c) = 3*c**3 + d*c**2 - 2*c + 50 - 49 - 20*c**3. Determine k(1).
-16
Let d be 2 - 35/6 - -4. Let f(b) be the second derivative of 5*b - 7/6*b**3 + 2*b**2 + 0 + d*b**4. Calculate f(4).
8
Let i(j) = j**3 + 2*j**2 - 2*j - 1. Suppose 5*s = 2*a + 3*a + 40, -5*a - 32 = -3*s. Suppose s*y - 3*o = -14, 4*y - o = -5*o. Give i(y).
3
Let i(q) be the first derivative of q**3/3 - 7*q**2/2 + 9*q + 27. Give i(6).
3
Let m(u) = -u**3 - 6*u**2 - u - 7. Suppose -15 = -27*k + 32*k. Let b = k - 3. Give m(b).
-1
Let r(s) = -s**3 - 2*s**2 - s - 2. Let y be r(-2). Let k(n) be the third derivative of 23*n**2 - 1/24*n**4 + 0*n**3 + 0 + 0*n. What is k(y)?
0
Let a(c) = -6*c + 15. Let j(h) = -3*h + 7. Suppose -7*d - 6 = 36. Let r(p) = d*a(p) + 13*j(p). What is r(-5)?
16
Let b(s) = -4*s + 16. Let q be b(4). Let i be ((-1)/2)/(3/18 + q). Let z(x) = x**3 + 2*x**2 + 2*x - 4. Determine z(i).
-19
Let y(s) = 2*s - 3. Suppose -3*i - 219 = 6*f - 3*f, -i = -f + 83. Let w = i - -81. Calculate y(w).
3
Let j(a) = 13*a - 3. Let i(m) = 36*m - 9. Let l(c) = -6*i(c) + 17*j(c). Determine l(4).
23
Suppose d = 4*m + 10, 2*m - 4*d = -2*d - 8. Let z(f) = 4*f**3 + 6*f**2 + f - 2. Determine z(m).
-12
Let d(g) = g**2 + 4*g + 4. Let s(x) = -x**2 - 14*x - 17. Let y(u) = u**2 + 13*u + 9. Let v be y(-11). Let o be s(v). Let j = -8 - o. What is d(j)?
4
Let w(n) = 4*n + 7. Suppose -k + 3*r = 2*k + 6, 5*r = -15. Determine w(k).
-13
Let p(z) = z**2 - 3*z - 1. Let g = 62 + -68. Let d be (10/g + 1)/(2/6). Give p(d).
9
Let j be (-16)/(-10) + 26/65. Let m(l) = 5*l**2 + 2*l - 3. Determine m(j).
21
Let p(f) = f**2 + 12*f - 47. Let i be p(3). Let j(c) be the third derivative of -c**5/60 + c**4/24 - c**3/3 + c**2. What is j(i)?
-8
Let h = 134 - 67. Let y(l) = l + h - 30 - 34. Determine y(-4).
-1
Let a(k) = -9*k**2 - 16*k - 18. Let q(o) = -22*o**2 - 31*o - 35. Let v(t) = -5*a(t) + 2*q(t). Determine v(-17).
3
Let d(h) = -3*h**2. Let i = -11 - -21. Suppose -3*l = -4*g - 13, -2*l = -0*l - 3*g - i. Determine d(l).
-3
Let p(g) = 2*g**2 + 8*g + 3. Let n = -727 + 722. Determine p(n).
13
Let x = 84 - 87. Let f(p) be the second derivative of -p**5/20 - p**4/3 - 2*p**3/3 - p**2 - 4*p. What is f(x)?
1
Let h(m) = -2*m**2 + m + 1. Suppose 3*g + 3*i - 8*i = 12, -2*g - 11 = 3*i. Determine h(g).
-2
Let q(v) = 33*v**2 + 2*v - 4*v - 3 - 19*v**2 + 20 - 12*v - v**3. Determine q(13).
4
Let c = -80 + 76. Let n(u) = -2*u - 7. What is n(c)?
1
Let j(l) be the second derivative of -3*l**3/2 - 3*l**2 - 163*l. Determine j(-4).
30
Let b(c) = -7*c**2 - 7*c - 8. Let a(q) = -11*q**2 - 10*q - 12. Let m = -6 + 1. Let t(n) = m*a(n) + 8*b(n). Let p = 82 - 87. Determine t(p).
1
Let s(q) = 11*q**2 - 3*q - 17. Let p(w) = 9*w**2 - 4*w - 16. Let b(m) = 5*p(m) - 4*s(m). What is b(9)?
-3
Let l(v) = -2*v - 1. Suppose -4*h + 43 - 9 = k, -20 = -2*h - 2*k. Give l(h).
-17
Let l be 2*((-70)/20 - -6). Let m(y) = 2*y**2 - 2. Calculate m(l).
48
Suppose 4*h = c + 3, -3*h = c - 3*c + 4. Let b(u) = -u + h*u - 4*u + 2*u + 6. Give b(0).
6
Let w(q) = -4*q - 10*q + 30 + 18*q - 7*q. Let j be w(9). Let m(b) = -4*b + 1. What is m(j)?
-11
Let c(i) = 6*i + 3. Let y(t) = -6*t - 7. Let n(r) = 5*r + 8. Let v(q) = -3*n(q) - 4*y(q). Let h(w) = -8*c(w) + 5*v(w). What is h(-3)?
5
Let k(g) = g + 4. Let s be (-3 - 2)*-1*1. Suppose -5*v + 15 = 3*m, -v = s*m + 2*v - 9. Suppose 5*d = -q - q - 10, m = d - q + 2. Determine k(d).
2
Let t = 8 + -6. Let c(v) = 8*v**2 - 9*v**t - 3*v - 6 + 2*v. Let f = -81 - -81. Determine c(f).
-6
Let j(b) = 12*b**2 - 15 + 16 - 14*b**2. Let p be ((-3)/2)/((-9)/(-12)). Determine j(p).
-7
Suppose -19*c + 45 = -13 - 56. Let z(s) = -2*s + 13. Let v(k) = -4 + 42 + 3*k - 9*k. Let u(i) = 6*v(i) - 17*z(i). What is u(c)?
-5
Let q(r) = 3 + 2*r + 0*r + 2*r + r. Suppose -29 = 5*w - 3*u, -3*w + 2*u = -2*u + 24. Determine q(w).
-17
Let u(i) = -3*i + 2*i + 2*i + 6. Let f be (3/(-5))/(4/(-80))